{"id":8,"date":"2015-05-02T12:07:30","date_gmt":"2015-05-02T16:07:30","guid":{"rendered":"http:\/\/192.168.0.253\/horizont\/?page_id=8"},"modified":"2020-06-08T07:14:40","modified_gmt":"2020-06-08T05:14:40","slug":"o-nama","status":"publish","type":"page","link":"https:\/\/www.horizont-signal.hr\/index.php\/o-nama\/","title":{"rendered":"O nama"},"content":{"rendered":"<p>Tvrtka Horizont-Signal d.o.o. specijalizirana je za radove izvo\u0111enja horizontalne prometne signalizacije.<\/p>\n<p>Osnovana je 2013 godine od osoba koje su u poslu horizontalne signalizacije,<br \/>\nrade\u0107i u drugim firmama, preko 25 godina.<\/p>\n<p>Od osnutka firme 2013. godine ozna\u010dili smo 3.000 km sredi\u0161nje i rubne crte te 30.000 kvadrata ostalih povr\u0161ina.<br \/>\nIskusna ekipa, koja je osnovala firmu, ozna\u010dila je u biv\u0161im firmama preko 40.000 km crta i preko 200.000 m2<br \/>\nostalih povr\u0161ina kako u Hrvatskoj tako i u nekoliko zemalja u okru\u017eenju Hrvatske.<\/p>\n<p>Posjedujemo kompletnu gra\u0111evinsku mehanizaciju potrebnu za horizontalnu signalizaciju prometnica.<br \/>\nSpecijalizirali smo se za horizontalnu signalizaciju te nam je cilj da nas druge firme anga\u017eiraju zbog:<\/p>\n<ul>\n<li>Na\u0161e stru\u010dnosti i iznimnog iskustva<\/li>\n<li>Visoke kvalitete izvedbe<\/li>\n<li>Velike koli\u010dine posla koji mo\u017eemo odraditi u kratkim rokovima zahvaljuju\u0107i stru\u010dnim i predanim radnicima<\/li>\n<li>Profesionalnog odnosa prema poslu koji se o\u010dituje u izvr\u0161enju svih ugovornih obaveza<\/li>\n<\/ul>\n<hr \/>\n<p><strong>Podaci o poslovnom subjektu:<\/strong><\/p>\n<p><em>Naziv tvrtke:<\/em><br \/>\n<strong>HORIZONT-SIGNAL dru\u0161tvo s ograni\u010denom odgovorno\u0161\u0107u za zavr\u0161ne radove u gra\u0111evinarstvu<\/strong><\/p>\n<p><em>Skra\u0107eni naziv tvrtke:<\/em><br \/>\n<strong>HORIZONT-SIGNAL d.o.o.<\/strong><\/p>\n<p><em>Sjedi\u0161te tvrtke:<\/em><br \/>\n<strong>Vladimira Vari\u0107aka 10, 10 010 Zagreb<\/strong><\/p>\n<hr \/>\n<p><em>Sud kod kojega je tvrtka upisana u Sudski registar:<\/em><br \/>\nTrgova\u010dki sud u Zagrebu<\/p>\n<p><em>Broj pod kojim je tvrtka upisana u Sudski registar:<\/em><br \/>\nMBS 080846944<\/p>","protected":false},"excerpt":{"rendered":"<p>Tvrtka Horizont-Signal d.o.o. specijalizirana je za radove izvo\u0111enja horizontalne prometne signalizacije. Osnovana je 2013 godine od osoba koje su u poslu horizontalne signalizacije, rade\u0107i u drugim firmama, preko 25 godina. Od osnutka firme 2013. godine ozna\u010dili smo 3.000 km sredi\u0161nje i rubne crte te 30.000 kvadrata ostalih povr\u0161ina. Iskusna ekipa, koja je osnovala firmu, ozna\u010dila<a href=\"https:\/\/www.horizont-signal.hr\/index.php\/o-nama\/\">[&#8230;]<\/a><\/p>\n","protected":false},"author":1,"featured_media":0,"parent":0,"menu_order":0,"comment_status":"closed","ping_status":"closed","template":"","meta":{"footnotes":""},"class_list":["post-8","page","type-page","status-publish","hentry"],"_links":{"self":[{"href":"https:\/\/www.horizont-signal.hr\/index.php\/wp-json\/wp\/v2\/pages\/8","targetHints":{"allow":["GET"]}}],"collection":[{"href":"https:\/\/www.horizont-signal.hr\/index.php\/wp-json\/wp\/v2\/pages"}],"about":[{"href":"https:\/\/www.horizont-signal.hr\/index.php\/wp-json\/wp\/v2\/types\/page"}],"author":[{"embeddable":true,"href":"https:\/\/www.horizont-signal.hr\/index.php\/wp-json\/wp\/v2\/users\/1"}],"replies":[{"embeddable":true,"href":"https:\/\/www.horizont-signal.hr\/index.php\/wp-json\/wp\/v2\/comments?post=8"}],"version-history":[{"count":35,"href":"https:\/\/www.horizont-signal.hr\/index.php\/wp-json\/wp\/v2\/pages\/8\/revisions"}],"predecessor-version":[{"id":166,"href":"https:\/\/www.horizont-signal.hr\/index.php\/wp-json\/wp\/v2\/pages\/8\/revisions\/166"}],"wp:attachment":[{"href":"https:\/\/www.horizont-signal.hr\/index.php\/wp-json\/wp\/v2\/media?parent=8"}],"curies":[{"name":"wp","href":"https:\/\/api.w.org\/{rel}","templated":true}]}}